{"id":133,"date":"2025-02-01T19:20:12","date_gmt":"2025-02-01T19:20:12","guid":{"rendered":"https:\/\/reps.evang.ro\/?page_id=133"},"modified":"2025-03-27T09:13:02","modified_gmt":"2025-03-27T09:13:02","slug":"kindergottesdienst","status":"publish","type":"page","link":"https:\/\/reps.evang.ro\/index.php\/kindergottesdienst\/","title":{"rendered":"Kindergottesdienst"},"content":{"rendered":"\n<p class=\"has-medium-font-size\">Der Gottesdienst soll fr\u00f6hlich sein. Drum fangen wir nun an. Gott l\u00e4dt uns alle zu sich ein und keiner ist daf\u00fcr zu klein.<\/p>\n\n\n\n<p class=\"has-medium-font-size\"><strong>Herzliche Einladung zum Kindergottesdienst am ersten Sonntag im Monat in Reps. Beginn gemeinsam mit den Erwachsenen um 10 Uhr<\/strong><\/p>\n\n\n\n<figure class=\"wp-block-image size-large is-resized\"><img loading=\"lazy\" decoding=\"async\" width=\"1024\" height=\"714\" src=\"https:\/\/reps.evang.ro\/wp-content\/uploads\/2025\/02\/img-20241006-wa00217084489367047261314-1024x714.jpg\" alt=\"\" class=\"wp-image-17\" style=\"width:570px;height:auto\" srcset=\"https:\/\/reps.evang.ro\/wp-content\/uploads\/2025\/02\/img-20241006-wa00217084489367047261314-1024x714.jpg 1024w, https:\/\/reps.evang.ro\/wp-content\/uploads\/2025\/02\/img-20241006-wa00217084489367047261314-300x209.jpg 300w, https:\/\/reps.evang.ro\/wp-content\/uploads\/2025\/02\/img-20241006-wa00217084489367047261314-768x536.jpg 768w, https:\/\/reps.evang.ro\/wp-content\/uploads\/2025\/02\/img-20241006-wa00217084489367047261314-1536x1071.jpg 1536w, https:\/\/reps.evang.ro\/wp-content\/uploads\/2025\/02\/img-20241006-wa00217084489367047261314.jpg 1600w\" sizes=\"auto, (max-width: 1024px) 100vw, 1024px\" \/><\/figure>\n\n\n\n<p class=\"has-medium-font-size\">Unsere Gemeinde soll ein Ort sein, an dem sich auch die Kinder wohlf\u00fchlen. Denn sie geh\u00f6ren auch ganz wichtig zu unserer Gemeinschaft dazu. <\/p>\n\n\n\n<p class=\"has-medium-font-size\">Den Kindergottesdienst gestalten die beiden Mitarbeiterinnen Silvia und Hannah. In der Vorbereitung f\u00fcr das Programm werden sie von Pfarrerin Christiane Sch\u00f6ll unterst\u00fctzt.  <\/p>\n\n\n\n<figure class=\"wp-block-image size-large is-resized\"><img loading=\"lazy\" decoding=\"async\" width=\"1024\" height=\"792\" src=\"https:\/\/reps.evang.ro\/wp-content\/uploads\/2025\/03\/image-1024x792.png\" alt=\"\" class=\"wp-image-229\" style=\"width:533px;height:auto\" srcset=\"https:\/\/reps.evang.ro\/wp-content\/uploads\/2025\/03\/image-1024x792.png 1024w, https:\/\/reps.evang.ro\/wp-content\/uploads\/2025\/03\/image-300x232.png 300w, https:\/\/reps.evang.ro\/wp-content\/uploads\/2025\/03\/image-768x594.png 768w, https:\/\/reps.evang.ro\/wp-content\/uploads\/2025\/03\/image.png 1304w\" sizes=\"auto, (max-width: 1024px) 100vw, 1024px\" \/><figcaption class=\"wp-element-caption\">Silvia Comaniciu aus Deutschwei\u00dfkirch<\/figcaption><\/figure>\n\n\n\n<figure class=\"wp-block-image size-large is-resized\"><img loading=\"lazy\" decoding=\"async\" width=\"682\" height=\"1024\" src=\"https:\/\/reps.evang.ro\/wp-content\/uploads\/2025\/03\/WhatsApp-Image-2025-03-10-at-08.18.52-682x1024.jpeg\" alt=\"\" class=\"wp-image-235\" style=\"width:531px;height:auto\" srcset=\"https:\/\/reps.evang.ro\/wp-content\/uploads\/2025\/03\/WhatsApp-Image-2025-03-10-at-08.18.52-682x1024.jpeg 682w, https:\/\/reps.evang.ro\/wp-content\/uploads\/2025\/03\/WhatsApp-Image-2025-03-10-at-08.18.52-200x300.jpeg 200w, https:\/\/reps.evang.ro\/wp-content\/uploads\/2025\/03\/WhatsApp-Image-2025-03-10-at-08.18.52-768x1153.jpeg 768w, https:\/\/reps.evang.ro\/wp-content\/uploads\/2025\/03\/WhatsApp-Image-2025-03-10-at-08.18.52-1023x1536.jpeg 1023w, https:\/\/reps.evang.ro\/wp-content\/uploads\/2025\/03\/WhatsApp-Image-2025-03-10-at-08.18.52.jpeg 1066w\" sizes=\"auto, (max-width: 682px) 100vw, 682px\" \/><figcaption class=\"wp-element-caption\">Hannah Hug Freiwillige beim Verein Bun-Venit Willkommen! e.V. aus Deutschland<\/figcaption><\/figure>\n","protected":false},"excerpt":{"rendered":"<p>Der Gottesdienst soll fr\u00f6hlich sein. Drum fangen wir nun an. Gott l\u00e4dt uns alle zu sich ein und keiner ist daf\u00fcr zu klein. Herzliche Einladung zum Kindergottesdienst am ersten Sonntag im Monat in Reps. Beginn gemeinsam mit den Erwachsenen um 10 Uhr Unsere Gemeinde soll ein Ort sein, an dem sich auch die Kinder wohlf\u00fchlen. [&hellip;]<\/p>\n","protected":false},"author":1,"featured_media":0,"parent":0,"menu_order":0,"comment_status":"closed","ping_status":"closed","template":"","meta":{"footnotes":""},"class_list":["post-133","page","type-page","status-publish","hentry"],"_links":{"self":[{"href":"https:\/\/reps.evang.ro\/index.php\/wp-json\/wp\/v2\/pages\/133","targetHints":{"allow":["GET"]}}],"collection":[{"href":"https:\/\/reps.evang.ro\/index.php\/wp-json\/wp\/v2\/pages"}],"about":[{"href":"https:\/\/reps.evang.ro\/index.php\/wp-json\/wp\/v2\/types\/page"}],"author":[{"embeddable":true,"href":"https:\/\/reps.evang.ro\/index.php\/wp-json\/wp\/v2\/users\/1"}],"replies":[{"embeddable":true,"href":"https:\/\/reps.evang.ro\/index.php\/wp-json\/wp\/v2\/comments?post=133"}],"version-history":[{"count":9,"href":"https:\/\/reps.evang.ro\/index.php\/wp-json\/wp\/v2\/pages\/133\/revisions"}],"predecessor-version":[{"id":262,"href":"https:\/\/reps.evang.ro\/index.php\/wp-json\/wp\/v2\/pages\/133\/revisions\/262"}],"wp:attachment":[{"href":"https:\/\/reps.evang.ro\/index.php\/wp-json\/wp\/v2\/media?parent=133"}],"curies":[{"name":"wp","href":"https:\/\/api.w.org\/{rel}","templated":true}]}}