{"id":42,"date":"2025-02-01T13:36:27","date_gmt":"2025-02-01T13:36:27","guid":{"rendered":"https:\/\/reps.evang.ro\/?page_id=42"},"modified":"2026-03-05T18:43:08","modified_gmt":"2026-03-05T18:43:08","slug":"meeburg-beia","status":"publish","type":"page","link":"https:\/\/reps.evang.ro\/index.php\/meeburg-beia\/","title":{"rendered":"Meeburg \/ Beia"},"content":{"rendered":"\n<figure class=\"wp-block-image size-large\"><img loading=\"lazy\" decoding=\"async\" width=\"1024\" height=\"736\" src=\"https:\/\/reps.evang.ro\/wp-content\/uploads\/2026\/01\/IMG_6653-1024x736.jpeg\" alt=\"\" class=\"wp-image-306\" srcset=\"https:\/\/reps.evang.ro\/wp-content\/uploads\/2026\/01\/IMG_6653-1024x736.jpeg 1024w, https:\/\/reps.evang.ro\/wp-content\/uploads\/2026\/01\/IMG_6653-300x216.jpeg 300w, https:\/\/reps.evang.ro\/wp-content\/uploads\/2026\/01\/IMG_6653-768x552.jpeg 768w, https:\/\/reps.evang.ro\/wp-content\/uploads\/2026\/01\/IMG_6653.jpeg 1179w\" sizes=\"auto, (max-width: 1024px) 100vw, 1024px\" \/><figcaption class=\"wp-element-caption\"><em>Die Kirchenburg kann nur von au\u00dfen besichtigt werden <\/em><\/figcaption><\/figure>\n\n\n\n<p><br>Die Kirchenburg Meeburg ist eine sp\u00e4tmittelalterliche Anlage im Zentrum des Dorfes, deren Saalkirche im 15. Jahrhundert errichtet und im fr\u00fchen 16. Jahrhundert zur Wehranlage ausgebaut wurde.<br>Sie verf\u00fcgte \u00fcber eine ummauerte Befestigung mit mehreren T\u00fcrmen, von denen heute noch zwei erhalten sind, sowie \u00fcber einen schlanken Glockenturm an der Westseite.<br>1442 besuchte der ungarische F\u00fcrst Johannes von Hunyad die Burg, was ihre damalige strategische Bedeutung unterstreicht. 1822 erhielt das Kirchenschiff klassizistische Gew\u00f6lbe, w\u00e4hrend im 19. Jahrhundert Teile der Wehranlagen abgetragen wurden. Der urspr\u00fcngliche Fl\u00fcgelaltar der Kirche befindet sich heute in der Sch\u00e4\u00dfburger Bergkirche.<br><br>Da sich im Ort keine s\u00e4chsische Gemeinde mehr befindet und es jahrzehntelang keine nennenswerten Konsolidierungsarbeiten mehr gab, st\u00fcrzte 2023 ein Teil des Kirchenschiffes ein. <strong>Aufgrund von Einsturzgefahr ist der Zutritt auf das Kirchengel\u00e4nde verboten<\/strong> und eine Besichtigung <strong>nicht m\u00f6glich.<\/strong><\/p>\n\n\n\n<p>Kontakt: Pfarramt Reps +40\/268\/260 378<\/p>\n\n\n\n<p><\/p>\n\n\n\n<p><br><strong>\u00d6ffnungszeiten Kirchenburg<\/strong>: <em>Dauerhaft geschlossen <\/em><\/p>\n","protected":false},"excerpt":{"rendered":"<p>Die Kirchenburg Meeburg ist eine sp\u00e4tmittelalterliche Anlage im Zentrum des Dorfes, deren Saalkirche im 15. Jahrhundert errichtet und im fr\u00fchen 16. Jahrhundert zur Wehranlage ausgebaut wurde.Sie verf\u00fcgte \u00fcber eine ummauerte Befestigung mit mehreren T\u00fcrmen, von denen heute noch zwei erhalten sind, sowie \u00fcber einen schlanken Glockenturm an der Westseite.1442 besuchte der ungarische F\u00fcrst Johannes von [&hellip;]<\/p>\n","protected":false},"author":1,"featured_media":0,"parent":0,"menu_order":0,"comment_status":"closed","ping_status":"closed","template":"","meta":{"footnotes":""},"class_list":["post-42","page","type-page","status-publish","hentry"],"_links":{"self":[{"href":"https:\/\/reps.evang.ro\/index.php\/wp-json\/wp\/v2\/pages\/42","targetHints":{"allow":["GET"]}}],"collection":[{"href":"https:\/\/reps.evang.ro\/index.php\/wp-json\/wp\/v2\/pages"}],"about":[{"href":"https:\/\/reps.evang.ro\/index.php\/wp-json\/wp\/v2\/types\/page"}],"author":[{"embeddable":true,"href":"https:\/\/reps.evang.ro\/index.php\/wp-json\/wp\/v2\/users\/1"}],"replies":[{"embeddable":true,"href":"https:\/\/reps.evang.ro\/index.php\/wp-json\/wp\/v2\/comments?post=42"}],"version-history":[{"count":5,"href":"https:\/\/reps.evang.ro\/index.php\/wp-json\/wp\/v2\/pages\/42\/revisions"}],"predecessor-version":[{"id":470,"href":"https:\/\/reps.evang.ro\/index.php\/wp-json\/wp\/v2\/pages\/42\/revisions\/470"}],"wp:attachment":[{"href":"https:\/\/reps.evang.ro\/index.php\/wp-json\/wp\/v2\/media?parent=42"}],"curies":[{"name":"wp","href":"https:\/\/api.w.org\/{rel}","templated":true}]}}