{"id":479,"date":"2026-03-05T19:20:06","date_gmt":"2026-03-05T19:20:06","guid":{"rendered":"https:\/\/reps.evang.ro\/?page_id=479"},"modified":"2026-04-22T08:49:27","modified_gmt":"2026-04-22T08:49:27","slug":"sprechstunden","status":"publish","type":"page","link":"https:\/\/reps.evang.ro\/index.php\/angebote\/sprechstunden\/","title":{"rendered":"Sprechstunden"},"content":{"rendered":"\n<figure class=\"wp-block-image size-large\"><img loading=\"lazy\" decoding=\"async\" width=\"718\" height=\"1024\" src=\"https:\/\/reps.evang.ro\/wp-content\/uploads\/2026\/04\/Amtsstunde-718x1024.jpeg\" alt=\"\" class=\"wp-image-514\" srcset=\"https:\/\/reps.evang.ro\/wp-content\/uploads\/2026\/04\/Amtsstunde-718x1024.jpeg 718w, https:\/\/reps.evang.ro\/wp-content\/uploads\/2026\/04\/Amtsstunde-210x300.jpeg 210w, https:\/\/reps.evang.ro\/wp-content\/uploads\/2026\/04\/Amtsstunde-768x1096.jpeg 768w, https:\/\/reps.evang.ro\/wp-content\/uploads\/2026\/04\/Amtsstunde-1077x1536.jpeg 1077w, https:\/\/reps.evang.ro\/wp-content\/uploads\/2026\/04\/Amtsstunde.jpeg 1179w\" sizes=\"auto, (max-width: 718px) 100vw, 718px\" \/><\/figure>\n\n\n\n<p>In Reps werden w\u00f6chentlich Sprechstunden angeboten, jeweils Freitag von 10:00-12:00 im Repser Pfarrhaus (Empfangssaal) und Donnerstag nach Absprache.<\/p>\n\n\n\n<p>Freitags halten unsere Pfarrerin und der Kurator die w\u00f6chentliche Pfarramtssitzung ab und stehen dann f\u00fcr Fragen vor Ort zur Verf\u00fcgung.<\/p>\n\n\n\n<p>Donnerstags bietet der Verwalter eine offene Sprechstunde zu allen weltlichen Themen (Immobilien, Pachten, Verwaltungsakte) an. Um Voranmeldung wird gebeten.<\/p>\n","protected":false},"excerpt":{"rendered":"<p>In Reps werden w\u00f6chentlich Sprechstunden angeboten, jeweils Freitag von 10:00-12:00 im Repser Pfarrhaus (Empfangssaal) und Donnerstag nach Absprache. Freitags halten unsere Pfarrerin und der Kurator die w\u00f6chentliche Pfarramtssitzung ab und stehen dann f\u00fcr Fragen vor Ort zur Verf\u00fcgung. Donnerstags bietet der Verwalter eine offene Sprechstunde zu allen weltlichen Themen (Immobilien, Pachten, Verwaltungsakte) an. Um Voranmeldung [&hellip;]<\/p>\n","protected":false},"author":3,"featured_media":0,"parent":131,"menu_order":0,"comment_status":"closed","ping_status":"closed","template":"","meta":{"footnotes":""},"class_list":["post-479","page","type-page","status-publish","hentry"],"_links":{"self":[{"href":"https:\/\/reps.evang.ro\/index.php\/wp-json\/wp\/v2\/pages\/479","targetHints":{"allow":["GET"]}}],"collection":[{"href":"https:\/\/reps.evang.ro\/index.php\/wp-json\/wp\/v2\/pages"}],"about":[{"href":"https:\/\/reps.evang.ro\/index.php\/wp-json\/wp\/v2\/types\/page"}],"author":[{"embeddable":true,"href":"https:\/\/reps.evang.ro\/index.php\/wp-json\/wp\/v2\/users\/3"}],"replies":[{"embeddable":true,"href":"https:\/\/reps.evang.ro\/index.php\/wp-json\/wp\/v2\/comments?post=479"}],"version-history":[{"count":3,"href":"https:\/\/reps.evang.ro\/index.php\/wp-json\/wp\/v2\/pages\/479\/revisions"}],"predecessor-version":[{"id":515,"href":"https:\/\/reps.evang.ro\/index.php\/wp-json\/wp\/v2\/pages\/479\/revisions\/515"}],"up":[{"embeddable":true,"href":"https:\/\/reps.evang.ro\/index.php\/wp-json\/wp\/v2\/pages\/131"}],"wp:attachment":[{"href":"https:\/\/reps.evang.ro\/index.php\/wp-json\/wp\/v2\/media?parent=479"}],"curies":[{"name":"wp","href":"https:\/\/api.w.org\/{rel}","templated":true}]}}

<figure class="wp-block-image size-large"><img loading="lazy" decoding="async" width="718" height="1024" src="https://reps.evang.ro/wp-content/uploads/2026/04/Amtsstunde-718x1024.jpeg" alt="" class="wp-image-514" srcset="https://reps.evang.ro/wp-content/uploads/2026/04/Amtsstunde-718x1024.jpeg 718w, https://reps.evang.ro/wp-content/uploads/2026/04/Amtsstunde-210x300.jpeg 210w, https://reps.evang.ro/wp-content/uploads/2026/04/Amtsstunde-768x1096.jpeg 768w, https://reps.evang.ro/wp-content/uploads/2026/04/Amtsstunde-1077x1536.jpeg 1077w, https://reps.evang.ro/wp-content/uploads/2026/04/Amtsstunde.jpeg 1179w" sizes="auto, (max-width: 718px) 100vw, 718px" /></figure>



<p>In Reps werden wöchentlich Sprechstunden angeboten, jeweils Freitag von 10:00-12:00 im Repser Pfarrhaus (Empfangssaal) und Donnerstag nach Absprache.</p>



<p>Freitags halten unsere Pfarrerin und der Kurator die wöchentliche Pfarramtssitzung ab und stehen dann für Fragen vor Ort zur Verfügung.</p>



<p>Donnerstags bietet der Verwalter eine offene Sprechstunde zu allen weltlichen Themen (Immobilien, Pachten, Verwaltungsakte) an. Um Voranmeldung wird gebeten.</p>

<p>In Reps werden wöchentlich Sprechstunden angeboten, jeweils Freitag von 10:00-12:00 im Repser Pfarrhaus (Empfangssaal) und Donnerstag nach Absprache. Freitags halten unsere Pfarrerin und der Kurator die wöchentliche Pfarramtssitzung ab und stehen dann für Fragen vor Ort zur Verfügung. Donnerstags bietet der Verwalter eine offene Sprechstunde zu allen weltlichen Themen (Immobilien, Pachten, Verwaltungsakte) an. Um Voranmeldung [&hellip;]</p>
